44753891 a prime number?
True
Is 1848802313 composite?
True
Is 1673463559 a composite number?
True
Is 2435704559 a prime number?
True
Is 5390641397 a composite number?
True
Is 3071646947 prime?
True
Is 3098601685 a prime number?
False
Is 1844330167 prime?
False
Is 115388194333 prime?
True
Is 16648066387 prime?
True
Is 3928627803 a composite number?
True
Is 3568914553 a prime number?
True
Is 7553175043 a prime number?
True
Is 34185865391 a prime number?
True
Is 470019931 prime?
True
Is 323654917 composite?
True
Is 901490693 a composite number?
True
Is 98408627 prime?
False
Is 742212517 composite?
False
Is 349082004745 a prime number?
False
Is 191495537 composite?
False
Is 1578272263 prime?
True
Is 1283141891 prime?
False
Is 79775587219 a composite number?
True
Is 164259377 a composite number?
False
Is 37557916205 composite?
True
Is 1115374391 composite?
False
Is 401836439 prime?
False
Is 93096557 composite?
False
Is 1384066729 composite?
False
Is 1058673127 a prime number?
False
Is 470756477 a prime number?
True
Is 134810979 prime?
False
Is 498097123 a composite number?
False
Is 36364397297 a composite number?
False
Is 288186133 composite?
False
Is 114388042 a composite number?
True
Is 139910109 prime?
False
Is 7899472778 prime?
False
Is 328889518061 prime?
False
Is 3681027967 a prime number?
False
Is 285294773 prime?
False
Is 123722139 a prime number?
False
Is 208765793 a prime number?
True
Is 28800551391 a prime number?
False
Is 1641869893 a prime number?
True
Is 6443411801 prime?
True
Is 6502486073 prime?
True
Is 1418392463 a composite number?
False
Is 852206227 composite?
True
Is 168072187 composite?
False
Is 46556719021 composite?
False
Is 3469556159 a composite number?
True
Is 32294546273 composite?
True
Is 111629298827 a composite number?
False
Is 13260960722 a composite number?
True
Is 3670623499 composite?
False
Is 18885889709 composite?
True
Is 253808679854 prime?
False
Is 17372827565 composite?
True
Is 2366023629 prime?
False
Is 826164397 a prime number?
True
Is 4046408101 composite?
True
Is 165757414177 a prime number?
True
Is 2509261919 composite?
True
Is 1185938519 composite?
False
Is 1633510563 a composite number?
True
Is 5714444273 composite?
True
Is 3353839103 prime?
False
Is 777497297 a composite number?
False
Is 31856637205 composite?
True
Is 17508225263 a composite number?
False
Is 16362063577 a prime number?
False
Is 9433054831 a composite number?
True
Is 167952241 a composite number?
False
Is 4271258377 a prime number?
True
Is 17722651 prime?
True
Is 5020635461 composite?
False
Is 42995266999 a composite number?
False
Is 2558556379 composite?
False
Is 240767441279 a composite number?
False
Is 6261429989 a composite number?
True
Is 2057941309 composite?
False
Is 8778811313 prime?
False
Is 508628569 a composite number?
False
Is 74155362277 a prime number?
True
Is 1688661895 a composite number?
True
Is 28874422171 prime?
False
Is 9628255822 a composite number?
True
Is 7109137727 prime?
True
Is 43641406049 composite?
False
Is 3356303927 a composite number?
True
Is 241765173322 a prime number?
False
Is 34323307138 composite?
True
Is 25579114339 a composite number?
True
Is 4759702213 a prime number?
False
Is 4730429447 a prime number?
False
Is 3149109967 composite?
False
Is 981112697 prime?
False
Is 1320421439 prime?
True
Is 3838698869 a composite number?
False
Is 650472143 composite?
False
Is 4612754899 a prime number?
False
Is 77003209 prime?
True
Is 8848173679 prime?
False
Is 15700962895 a prime number?
False
Is 37442976089 a prime number?
True
Is 19309292323 a prime number?
True
Is 23790659537 prime?
False
Is 843854777 composite?
True
Is 4770789955 a prime number?
False
Is 3064568287 composite?
True
Is 2357108291 composite?
True
Is 216035707 prime?
False
Is 16778141923 a prime number?
False
Is 184554199 prime?
False
Is 44598613 prime?
False
Is 2255610769 composite?
True
Is 4547048486 prime?
False
Is 3603623839 prime?
False
Is 1092421961 composite?
True
Is 187846901963 a composite number?
True
Is 360525773 a composite number?
False
Is 4483638527 a composite number?
False
Is 39507937243 a composite number?
False
Is 21698819359 composite?
True
Is 41521202591 a composite number?
True
Is 428993987 prime?
True
Is 44490979733 prime?
True
Is 1156630613 prime?
True
Is 16376471233 a prime number?
True
Is 240055811 composite?
True
Is 629133887 a composite number?
False
Is 305133671 a composite number?
False
Is 17750627441 a prime number?
True
Is 7086877 a composite number?
True
Is 293243729 composite?
False
Is 264170117 a prime number?
True
Is 297378719 prime?
False
Is 271481453 a prime number?
True
Is 18142724163 a prime number?
False
Is 498632747 prime?
False
Is 55071911 composite?
True
Is 24196901 prime?
True
Is 123644558 prime?
False
Is 79197709181 prime?
False
Is 578303071 composite?
False
Is 42627918101 a composite number?
False
Is 22818745657 composite?
False
Is 1084077053 composite?
True
Is 144862593823 a prime number?
True
Is 118640024911 composite?
False
Is 25922013343 a composite number?
True
Is 19775505467 a prime number?
False
Is 25064529907 a prime number?
True
Is 2728370783 a prime number?
False
Is 3921625073 composite?
True
Is 557684627 a composite number?
True
Is 3059709841 a composite number?
False
Is 18543683981 a prime number?
True
Is 7668399811 prime?
False
Is 11806511257 composite?
False
Is 10765557389 prime?
False
Is 32972522029 prime?
True
Is 980050543 composite?
False
Is 18151102859 prime?
True
Is 257322257 composite?
True
Is 3074405973 prime?
False
Is 18029478251 a prime number?
True
Is 334625147 composite?
False
Is 768580779 prime?
False
Is 29517343085 composite?
True
Is 36643779841 composite?
False
Is 600793789 prime?
False
Is 471763087 a prime number?
False
Is 2255001127 composite?
True
Is 22506007819 prime?
True
Is 10762768061 a prime number?
False
Is 1326999526 a prime number?
False
Is 24023003 a composite number?
False
Is 600299474 prime?
False
Is 686273479 a prime number?
True
Is 41881458613 a composite number?
True
Is 3077860129 a prime number?
True
Is 294103339 composite?
False
Is 917884147 a composite number?
False
Is 39718793 a composite number?
False
Is 522227963 prime?
False
Is 10165752187 prime?
False
Is 6258159059 a composite number?
False
Is 91222563661 prime?
False
Is 1487801741 composite?
False
Is 16156764737 a composite number?
True
Is 4404206809 composite?
False
Is 5475352117 a composite number?
True
Is 77304904123 prime?
False
Is 4963582757 prime?
False
Is 11959123549 a prime number?
False
Is 4134986549 prime?
False
Is 2391319846 composite?
True
Is 700559761 prime?
False
Is 864932219 composite?
True
Is 908420609 composite?
True
Is 6144843841 prime?
False
Is 14656855991 a composite number?
True
Is 1151174383 a prime number?
False
Is 513518701 a composite number?
False
Is 5580293573 prime?
False
Is 1588328029 composite?
False
Is 39563663 a composite number?
False
Is 321758147 prime?
False
Is 1474010383 composite?
False
Is 5769612361 a prime number?
True
Is 133845317 a prime number?
False
Is 304489085 a prime number?
False
Is 8176556183 composite?
True
Is 36827349463 a prime number?
True
Is 13428182923 composite?
True
Is 6188603663 prime?
False
Is 10186283 prime?
True
Is 1516773809 prime?
False
Is 1510710029 composite?
False
Is 835705141 prime?
True
Is 38819691101 prime?
False
Is 5711411339 a prime number?
False
Is 385802779 a composite number?
True
Is 3376941233 prime?
True
Is 2541053611 a composite number?
True
Is 4650892193 a composite number?
True
Is 96475981271 composite?
False
Is 2343365699 composite?
False
Is 97002898009 composite?
True
Is 9379598519 a composite number?
True
Is 1247079671 composite?
False
Is 33632266969 composite?
True
Is 43155291182 prime?
False
Is 19373063789 prime?
True
Is 738306071 a composite number?
False
Is 19331058301 composite?
False
Is 900338695 prime?
False
Is 131261493617 a composite number?
True
Is 608832013 a prime number?
True
Is 2374546553 composite?
True
Is 274342744831 composite?
True
Is 37554019601 prime?
False
Is 701923351 a prime number?
True
Is 2039304689 a prime number?
True
Is 6119214873 a composite number?
True
Is 41341296797 prime?
False
Is 65549547907 composite?
True
Is 7281746151 a prime number?
False
Is 66896567311 composite?
True
Is 2